. Let z be j(9). Suppose -m + i + z = 0, -2*m + 0*m + 14 = -5*i. Let n(q) = -q. Determine n(m).
3
Suppose -7*d = -85 + 78. Let x(s) = 1798*s - 1797*s + 4 + s**3 + d + 5*s**2. What is x(-6)?
-37
Let c(r) be the third derivative of 1/120*r**6 - 1/24*r**4 - 2/3*r**3 + 0*r + 0 + 2/15*r**5 + 35*r**2. Calculate c(-8).
4
Let o(l) = -2*l - 5. Let j(v) = -13*v - 15. Let g(a) = j(a) - 2*o(a). Determine g(-5).
40
Let f(j) = -162*j + 2118. Let i be f(13). Let y(g) = 7*g - 45. Calculate y(i).
39
Let s be (-3 + 0)/((-66)/11). Let v(j) be the first derivative of 11*j + s*j**2 + 19. Determine v(-5).
6
Let x(f) = 1 - f**2 - 5 - 2*f + 11*f. Let v = -253 - -261. What is x(v)?
4
Let g(s) = -s**3 + 3*s**2 - 4*s + 7. Suppose 57*q - 381 = -96. Calculate g(q).
-63
Let b be (-12)/(-54) + 42/54. Let s(l) = -14*l**3 - 2*l**2 + 4*l**3 + 1 - 1 + b. Calculate s(1).
-11
Let w(f) = 12*f - 27*f + 10*f + 20. Let a = -2467 - -2472. Determine w(a).
-5
Let z(c) = -45*c - 169 + 253 - 258. What is z(-4)?
6
Let f(i) be the second derivative of i**4/6 + i**3/6 + 3*i**2/2 + 3*i + 739. Calculate f(2).
13
Suppose -2 + 6 = h + 5*f, -5*h - 3*f = 2. Let a(w) = -594*w + 438*w + 2 - 4*w**2 + 160*w + 5*w**2. Calculate a(h).
-1
Let t(j) = j + 16. Let l be 1/(-2)*(2 - (-5 + 161)). Suppose l = 7*u + 112. Give t(u).
11
Let f(q) = q**3 + 13*q**2 + 15*q + 25. Let n be f(-12). Let g(z) = -8*z**2 + 4*z - 2. Let b(d) = -3*d**2 + 2*d - 1. Let v(p) = n*b(p) + 4*g(p). Give v(4).
-5
Let b be ((8 - 8)*(-2)/4)/1. Let h(p) = p**2 + 6*p - 11. Let k be h(-7). Let y be k/16*b - -1. Let a(g) = -5*g**2 - 2*g + 1. Determine a(y).
-6
Let f(t) = 43*t - 410. Let i(p) = -48*p + 418. Let x(j) = 7*f(j) + 6*i(j). What is x(27)?
-11
Let f(y) be the first derivative of y**5/20 + 7*y**4/6 + y**2 + 163*y + 146. Let i(x) be the first derivative of f(x). Determine i(-14).
2
Let y = 1594 + -1606. Let w(f) = -f**2 - 12*f - 11. Give w(y).
-11
Suppose 3*u + 5*p - 10 = 0, u - 15 = -u - 5*p. Let n(j) = j**2 + 200*j + 94 - 207*j - 2*j**2 - 44 - 52. Calculate n(u).
8
Let f = 2 + -1. Let y(x) = 3*x**2 - 131 + 63*x**3 + 36*x**3 + 130 - 4*x + x + 2*x - 110*x**3. Calculate y(f).
-10
Let k(j) = -j**2 - 7*j + 8. Let v = -225 - -217. Let n be k(v). Let l(i) be the third derivative of -i**6/120 - i**5/60 - 2*i**3/3 + i**2. What is l(n)?
-4
Let b(c) = -c**2 + 5*c + 8. Let y be b(6). Suppose 20*g + 4 = 22*g. Let h(t) = -2 + 1 - 4*t**y + 8*t**g + 2. Give h(-1).
5
Let y(l) = -l + 109. Let w(a) = a - 60. Let m(b) = 7*w(b) + 4*y(b). Determine m(-5).
1
Suppose -64*s + 66*s = 0. Let n(y) = 0 + 3 + 7*y + s. Determine n(-2).
-11
Let a(x) = -2*x + 4. Let j(s) = -22*s - 17. Let z(n) = 4*a(n) + j(n). Calculate z(-1).
29
Suppose -43*s + 46588 = 33*s. Let o = 612 - s. Let h(j) = 3 + 2 + 5*j - 4. What is h(o)?
-4
Let n(j) = j**3 - 19*j**2 - 28*j + 23. Let d(z) = z**2 + 2*z. Let x(s) = -6*d(s) - n(s). Let c be x(14). Let g(k) = k**2 - 2*k - 7. Determine g(c).
8
Let f(l) be the first derivative of l**4/24 - 17*l**3/6 + 3*l**2/2 + 46*l + 274. Let t(g) be the second derivative of f(g). Determine t(0).
-17
Suppose 4*y - p = 19, 0 = -y - 2*y + 3*p + 3. Let m(r) = -5 - y*r - 19*r**2 - 1 + 1 + 20*r**2. Suppose -26 = -2*d - 3*l, d + 3*d - 2*l = 20. What is m(d)?
2
Let v be -12*(-5 - 174/(-36)). Let u(q) = -10*q**2 + 3*q + 13 + 39*q**v - 17*q**2 - 13*q**2. Calculate u(5).
3
Let d(s) = s**2 + 10*s + 8. Let l(q) = -q - 3. Let h(k) = -d(k) - 4*l(k). Give h(-6).
4
Let c(t) = 11*t**2 - 6. Let a(v) = 21*v**2 + 7*v - 10. Let k(w) = a(w) - 2*c(w). Let u be (0 - 7)/(-1) + -1. Give k(u).
8
Let s(o) = -o**3 - 10*o**2 + 7*o - 38. Suppose 0*c = c - 3*c - 22. Give s(c).
6
Suppose -19*q + 403 = -300. Suppose q*p = 47*p - 40. Let h(k) be the third derivative of k**4/12 + k**3/6 - k**2. Determine h(p).
9
Let s = -140 + 175. Let t be 3/(-4)*-17 + s/140. Let m(g) = g**3 - 14*g**2 + 13*g - 3. Determine m(t).
-3
Let k(t) be the third derivative of 53*t**2 + 0*t + 0*t**5 - 1/8*t**4 + 1/120*t**6 + 5/6*t**3 + 0. Calculate k(2).
7
Suppose -2*q - 4*u - 18 = 0, -13*q + 5*u = -10*q - 6. Let t(f) = f**3 + 4*f**2 - f. Determine t(q).
12
Let y(k) = -83*k**3 + 3*k**2 - k - 3. Let r be y(-1). Let w(d) = -r*d**2 + 5 + 8*d + 1 + 83*d**2. Give w(5).
21
Let z(a) = -a**2 + 172*a - 677. Let v be z(4). Let n(d) = -2*d**2 - 5*d - 11. Calculate n(v).
-36
Let l(z) be the first derivative of -z**3/3 - 9*z**2/2 - z + 3. Let b = 25451 + -25457. Determine l(b).
17
Let v(o) = 7*o**3 - 42*o**2 - 10*o + 62. Let r(k) = 2*k**3 - 14*k**2 - 3*k + 19. Let c(q) = -10*r(q) + 3*v(q). Calculate c(-14).
-4
Let j(q) = 22*q + 411*q**2 + 452*q**2 + 51 - 862*q**2. Give j(-19).
-6
Let f(p) = p + 3*p**2 + 6*p - 16*p - p**3 + 8*p**2 - 18. What is f(10)?
-8
Suppose 0 = -2*o + s + 4, 3*o + 3*s - 5 - 1 = 0. Let c(v) = 11*v**o + v - 18*v**2 + 24*v**2. What is c(1)?
18
Let w(o) = -o**3 + o - 1. Let d(h) = 5*h**3 + 5*h - 6. Let t(y) = -d(y) + 5*w(y). Let k be (-2 - (-12)/9)/(14/(-21)). Calculate t(k).
-9
Let m(h) = -2*h + 69. Let p(t) = 5*t - 166. Let b(u) = -7*m(u) - 3*p(u). Give b(18).
-3
Let b(w) = -w**2 + 12*w - 31. Let c be b(8). Let d(p) = -7*p + c + 0 - p + 3 + 9*p. Determine d(2).
6
Let i = 462 + -419. Suppose -2 = -5*v + 2*y + i, -5*y + 80 = 5*v. Let a(p) = -p + 17. Give a(v).
6
Let o(i) = 2036*i**2 + 25 + i**3 - 3 - 19*i - 2017*i**2. Suppose -x + 3*j = 23, 4*x + x + 101 = j. Determine o(x).
2
Let s(m) = 5*m**3 + 2*m - 53. Let a(x) = -4*x**3 - x + 35. Let y(f) = 3*a(f) + 2*s(f). Determine y(-2).
13
Let q(s) be the first derivative of -s**4/4 - 3*s**3 - 4*s**2 + 9*s + 995. Let k be (2 + 0)*36/(-9). Give q(k).
9
Suppose 0 = -788*p + 859*p + 71. Let v(h) = -19*h**3 - 3*h - 3. What is v(p)?
19
Suppose 3*x - 6 = 0, -4*x + 11 = -3*z + 3. Let a(h) be the third derivative of h**5/60 + h**3/2 + 12*h**2. Calculate a(z).
3
Let h(k) = 3*k - 3. Suppose -7*x + 53 = 207. Let g(p) = 3*p + 60. Let j be g(x). Calculate h(j).
-21
Let f(k) be the second derivative of -4*k + 7/2*k**2 + 1/2*k**3 - 4 - 1/2*k**4 + 1/20*k**5. Give f(5).
-3
Let f(y) = y**2 + 19*y + 27. Let l be f(-12). Let p = l + 61. Let g(n) = n**3 - 3*n**2 - 4*n + 5. What is g(p)?
5
Let a(s) = -s**2 - 2*s. Let d = 54 - 84. Let z = -34 - d. What is a(z)?
-8
Let f(w) be the first derivative of 12*w**4 + 7*w**2/2 - 5*w + 105. Let h(z) = 25*z**3 + 4*z - 3. Let r(u) = 4*f(u) - 7*h(u). Give r(1).
18
Let w(n) = -n**2 + 18*n - 3. Let u(g) = -3*g. Let a(r) = -6*u(r) - w(r). Let o be 4/(-14) - (-602)/49. Suppose 6*j = 2*j - o. What is a(j)?
12
Let m(o) be the second derivative of -o**5/20 - 7*o**4/12 - 17*o**3/6 - 45*o**2 + 4191*o. Calculate m(-6).
-24
Let a = -62 + 66. Let l(p) = -p**3 + p**2 - p - 4. Give l(a).
-56
Let i(z) = z**3 + 7*z**2 - 14*z + 20. Let b = -7698 - -7689. Calculate i(b).
-16
Let d(r) = 133216*r - 66595*r + 3 - 66607*r + r**2. Determine d(-7).
-46
Let a(n) = -207*n + 2*n**2 + 299*n - 83*n - 16. Give a(-6).
2
Let k(y) = -y**3 - y**2 + 3*y + 4. Let m be 16 - 27 - -19 - 5. What is k(m)?
-23
Let w(i) = -242373*i**3 + 2*i**2 + 4*i**2 + 242372*i**3 - 6*i + 1. Calculate w(4).
9
Suppose -2*g + 9 = g. Let h(p) be the first derivative of -37 + 1/3*p**3 - 3*p - 3/2*p**2. What is h(g)?
-3
Let k(y) = y**3 - 10*y**2 + 17*y - 3. Let u be k(8). Let d(w) = 2*w**3 - 10*w + 6. Let f(t) = -2*t**3 + 12*t - 7. Let z(n) = u*f(n) + 6*d(n). Calculate z(-1).
-1
Let h(s) = -2*s - 3. Let y(w) = -w - 2. Let c(k) = -2*h(k) + 3*y(k). Let b = 1567 - 728. Let x = -838 + b. Determine c(x).
1
Let r(i) = -i**3 + 8*i**2 - i - 35. Let d = 1345 - 1338. Determine r(d).
7
Let f(g) be the first derivative of -g**4/4 + 7*g**3/3 - 9*g**2/2 - 19*g + 672. Calculate f(4).
-7
Let o = 7103 + -7118. Let l(p) = -4*p**3 - 60*p**2 - p - 15. What is l(o)?
0
Let m(x) = x + 70 + 6 - 96. Calculate m(3).
-17
Suppose -g = 2*g + 21. Let i be 4 + (-4)/6*3. Let u(v) = v + 3*v**2 - i*v**2 + 5*v + 25 - 35. Give u(g).
-3
Suppose -c = -6 - 2. Suppose -c*j = -j - 21. Let y(p) = -5*p + 3. Calculate y(j).
-12
Suppose -3*g - 5 = -4*t, -5*g - 5*t = -1 - 49. Let r be -1 + 16/(-8) - g. Let z(q) = -q**3 - 9*q**2 - 7*q + 4. Calculate z(r).
-4
Let n(w) = -25*w + 7. Let i = 12049 + -12050. Calculate n(i).
32
Suppose 1992 = -188*q + 437*q. Let a(j) = 10*j + 20. Give a(q).
100
Let x(o) = 5*o**2 + 2*o + 1. Suppose 11 = -4*z + j, 3*z - 4*j = -7*j - 1